*k. What are the prime factors of k?
2, 31
Suppose 626 = 2*k + 4*n, -5*n = k - 4*k + 917. What are the prime factors of k?
3, 103
Let l be (-6)/(-18) - (-4)/(-3). Let o = -5 - l. Let c(q) = q**2 - 5*q + 9. List the prime factors of c(o).
3, 5
Suppose 0 = -4*h - 2*t + 100 + 30, 3*t = -4*h + 127. Let v be h/(-10) - (-18)/(-30). What are the prime factors of v*(2 - 116/8)?
2, 5
Let f be (44 + 0)*1*(-4)/8. Let o = 43 - f. List the prime factors of o.
5, 13
Suppose 650 = 2*o - 6*x + 2*x, 0 = 4*o + x - 1291. What are the prime factors of o?
17, 19
Let s = 97 - 94. Suppose 5*z - 4*f = -s*f + 234, -5*f - 230 = -5*z. What are the prime factors of z?
47
Let r = -1479 - -2631. List the prime factors of r.
2, 3
Suppose -3*n + 4*a + 9658 - 2617 = 0, 3*a = -n + 2347. List the prime factors of n.
2347
Suppose 0 = 5*o - 0*o + f + 18, 2*o = -3*f - 2. Let d = -1 - o. Suppose 0 = -d*x - 8 + 26. What are the prime factors of x?
2, 3
Let b = -6 - -9. Let s(c) = -c**3 + 15*c**2 + 36*c - 34. Let i be s(17). Suppose b*j - 6*j + 9 = i. What are the prime factors of j?
3
Suppose -23*x + 20*x + 27 = 0. List the prime factors of x.
3
Let b = 2137 + -1122. List the prime factors of b.
5, 7, 29
Suppose -k = 5*w + 298 - 4850, -3*k - 904 = -w. List the prime factors of w.
2, 5, 7, 13
Let l = 277 - 645. What are the prime factors of ((-36)/(-16))/(2 + 730/l)?
2, 3, 23
Suppose -4*p = u - 78 - 138, 0 = -2*p. Suppose -u - 368 = -4*t. What are the prime factors of t?
2, 73
Let j(l) = 3064*l**3 - l**2 + l - 1. What are the prime factors of j(1)?
3, 1021
Let d(p) = 71*p**2 + 3*p + 4. Let g(x) = 72*x**2 + 3*x + 5. Let n(w) = 4*d(w) - 3*g(w). What are the prime factors of n(-1)?
2, 3, 11
Let b(v) = -v**3 - 10*v**2 - 14*v + 5. Let a(c) = c**3 + c**2 - 1. Let n(m) = 2*a(m) + b(m). What are the prime factors of n(10)?
3, 7
Suppose 0 = 2*u - 3*x - 12, -4*u + 4*x + 16 = 0. Let h = -1 - -46. Suppose -h*d + 44*d + 16 = u. What are the prime factors of d?
2
Let j be (4 + (-50)/6)*-18. Let c = 124 - j. Suppose 4*b = c + 62. List the prime factors of b.
3
Let x = -233 - -445. List the prime factors of x.
2, 53
Suppose o - 3*o = 2*s - 10, 2*o = 5*s - 4. Suppose 0 = -g - g. Suppose -o*d = -a + 28, -a + d + 8 + 18 = g. What are the prime factors of a?
5
Suppose 2*f + f + 37 = 5*x, 0 = -4*x + 4*f + 36. Suppose 0 = x*m - 6*m. List the prime factors of (m - -3 - -23) + 0.
2, 13
Suppose 0*v = -3*v - 171. Let s = -35 - v. Let x = s - 7. List the prime factors of x.
3, 5
Suppose 2*b - 1 - 7 = 0, 4*p + 5*b - 40 = 0. Suppose 77 = p*v + 2*u, -2*v + 4*u + 54 = -u. Let a = -6 + v. List the prime factors of a.
11
Let n(u) = -4*u**3 + 3*u**2 + 1. Let q be n(-5). Suppose 4 = -a + 1, -q = -3*o + 3*a. What are the prime factors of o?
3, 7
Suppose -r + 24 = 5*d, 4*r - d + 5*d = 32. Suppose -4*h = -c - 33, 5*c = -0*h + 4*h - 133. What are the prime factors of r + -2 + -5 - c?
2, 11
Suppose 3536 = 2*o - 2*r, -12*r + 15*r - 8848 = -5*o. List the prime factors of o.
29, 61
Suppose 3*h = 3*m + 30, -m + 26 = 3*h + 2*h. Suppose 0 = -5*x - 3*w + h*w + 150, 0 = -4*x - 4*w + 120. List the prime factors of x.
2, 3, 5
Let k = 40 - 31. Suppose 0 = -q + k*q - 1136. What are the prime factors of q?
2, 71
Let w = -17 + 25. What are the prime factors of w/(-60) - 1/(45/(-6261))?
139
Let y = -11 - -4. Let t(s) = -s**3 - 7*s**2 - 2*s + 10. Let n be t(y). Suppose n + 14 = v. What are the prime factors of v?
2, 19
Suppose -2*u - 3*u = -3*p - 16, 25 = 5*u. Suppose -35 = -p*y - 110. List the prime factors of (-6)/(-3) - y - -2.
29
Let p(m) = m**2 + 2*m - 10. Let t = 9 - 4. Let n(c) = c**2 - 7*c + 4. Let z be n(t). List the prime factors of p(z).
2, 7
Suppose 5*q + 58 = -2*s + 3591, -2*q + 1398 = -3*s. Suppose 3*l - q = -3*k, 0*l - l = -3*k + 705. What are the prime factors of k?
5, 47
Let b = -7 - -20. List the prime factors of 10/(-65) - (-158)/b.
2, 3
Suppose -5*v + 3375 = 3*b, 15*v = 11*v - 4*b + 2700. What are the prime factors of v?
3, 5
Let p(u) = -u**3 - 4*u**2 - 4*u - 1. Let t be p(-3). Suppose 4*r = 2*r + 2*d + 66, 0 = -r - t*d + 48. What are the prime factors of r?
2, 19
Suppose -1126 = -4*y - 3*a, -2*a - a + 286 = y. List the prime factors of y.
2, 5, 7
Suppose -3*r - 3*g + 6375 = 0, 0*r - 3*g - 2141 = -r. List the prime factors of r.
2129
Suppose 0 = 5*g + 15, 1828 = 3*x + 2*g - 842. List the prime factors of x.
2, 223
Suppose -5*h + 14640 = 4*g, 0 = -5*h - 3*g + 8*g + 14595. List the prime factors of h.
2, 17, 43
Suppose 9*i - 3 = 8*i. Suppose -2*p - 5*r = p - 241, p + i*r - 87 = 0. What are the prime factors of p?
2, 3
Let v = 48 + -44. Suppose -2*t - v*z = -152, -z + 5 = -0*z. What are the prime factors of t?
2, 3, 11
Suppose 0 = 48*z - z - 81639. What are the prime factors of z?
3, 193
Let u be 2/7 + (-4280)/35. Let v be 1 + (-12)/3 - u. What are the prime factors of 4964/v - (-2)/7?
2, 3, 7
Suppose 0 = 6*h + 11*h - 15028. List the prime factors of h.
2, 13, 17
Suppose -q - 11 = q + 3*t, 5*q + 4*t = -10. Suppose 2*g + q*g - 138 = -3*x, 2*g - 70 = -2*x. Suppose -z + g = 2*z. List the prime factors of z.
11
Let i = 11 - 11. Suppose i = -4*q - 16, r + 0*r + q + 37 = 0. What are the prime factors of (-1 - 1)*r/6?
11
List the prime factors of 205/82*71*368/10.
2, 23, 71
Let h = 313 - -147. List the prime factors of h.
2, 5, 23
Suppose 8 = 4*i + 20, 4*l = -3*i + 119. Suppose -37*w = -l*w - 905. What are the prime factors of w?
181
Let f = 5235 + -2817. What are the prime factors of f?
2, 3, 13, 31
Suppose -3633*a = -3644*a + 17402. What are the prime factors of a?
2, 7, 113
Let t be (-3)/(3 + 14/(-4)). Let p be (-64)/t + (-8)/(-12). List the prime factors of (4/(-6))/(p/75).
5
Let b = 18 - 14. Suppose -b = -z - z. Suppose -i - z*a - 3*a + 31 = 0, 0 = -5*a. List the prime factors of i.
31
Suppose 2*v - 165*m + 161*m = 7030, 2*v + 2*m = 7006. List the prime factors of v.
3, 7, 167
Suppose 5*c + 5*x = 30, -2*x + 13 = 3*c - 0*x. Let s(a) = 46*a**2 + a - 2. Let d be s(c). Let n = -9 + d. What are the prime factors of n?
2, 3
Let d(m) = m**2 - 13*m - 21. Let g(p) = 2*p + 38. Let q be g(-10). What are the prime factors of d(q)?
3, 23
Let t be ((-2)/6)/((-2)/30). Suppose 3*z - 12 = -5*x, 35 = t*z - x + 15. Suppose -z*i - 1 = -17. What are the prime factors of i?
2
Let o(d) = d**3 - 12*d**2 - 15*d + 22. Let q be o(13). What are the prime factors of (-1 + 5)*(-29)/q?
29
Let d(l) = l**3 - 3*l**2 - 4*l + 4. Let h be d(4). Suppose 7 = h*z - 125. Suppose 2*n = z + 3. List the prime factors of n.
2, 3
Let v(w) = -w**3 + 6*w**2 - 5*w. Let k be v(5). Let z(l) = -l + 69. What are the prime factors of z(k)?
3, 23
Let m(d) = -d**3 + 2*d**2 + 4*d + 1. Suppose -3*p = 2*l + l - 15, 3*l - 2*p - 10 = 0. Let q be m(l). List the prime factors of 1/5 + (-327)/q.
2, 11
What are the prime factors of 30/45 + 16/(-6) - -169?
167
Suppose 5*z - 5*v = 3590, 4*z = -4*v - 769 + 3665. What are the prime factors of z?
7, 103
Suppose -5*c = 6 - 1. What are the prime factors of 47 - ((-5 - -4) + c + -1)?
2, 5
Let a be (-62)/((-1 + -3)/(-4)). Let b(k) = -3*k - 11. Let n be b(7). Let p = n - a. List the prime factors of p.
2, 3, 5
Suppose w + 4 = -w. Let a(o) = -10*o**3 + o**2 + o - 1. Let t be a(1). List the prime factors of t/(-2) + w/4.
2
List the prime factors of 6/(-4) - 5/((-40)/8404).
1049
Suppose -2*a + 0 = -6. Let z(l) = 2*l - 6*l**2 + l**3 - 1 + 19*l**2 + a + 9*l. List the prime factors of z(-12).
2, 7
Let u(h) = -h - 1. Let l(q) = -6*q - 3. Let o(k) = l(k) - 4*u(k). What are the prime factors of o(-5)?
11
Let t(x) be the third derivative of x**4/8 + 5*x**3/6 - 6*x**2. Let v be t(-4). Let r = 19 + v. What are the prime factors of r?
2, 3
Suppose 0 = 7*d + 21 - 42. List the prime factors of 438*(-2)/(-18) - 2/d.
2, 3
Let t(o) = -3*o**2 + 3. Let y(x) = 7*x**2 - 7. Let m(c) = 5*t(c) + 2*y(c). Let p be m(-1). Suppose -2*j + 82 + 8 = p. List the prime factors of j.
3, 5
What are the prime factors of 0 + 1 - (-391 + 10)?
2, 191
Let b = 60 - 44. Suppose b*u - 1467 - 869 = 0. List the prime factors of u.
2, 73
Let a(l) = 249*l + 7. What are the prime factors of a(2)?
5, 101
Suppose 107*k + 100 = 112*k. Suppose -14*v = -k*v + 1398. What are the prime factors of v?
233
Suppose 10*z + 3*j = 7*z + 207, -2*j - 142 = -2*z. What are the prime factors of z?
2, 5, 7
Sup